 6) to base 8.
-101
Convert -14 (base 10) to base 9.
-15
What is -2 (base 8) in base 15?
-2
Convert -4 (base 13) to base 8.
-4
1d (base 15) to base 4
130
Convert -1 (base 5) to base 7.
-1
3 (base 16) to base 6
3
What is 51 (base 13) in base 16?
42
Convert 1 (base 6) to base 8.
1
Convert 84 (base 11) to base 4.
1130
Convert -3 (base 10) to base 15.
-3
What is -111101 (base 2) in base 10?
-61
What is -6 (base 8) in base 4?
-12
-113 (base 6) to base 3
-1200
-1bb (base 15) to base 2
-110010001
Convert -1 (base 10) to base 12.
-1
Convert -3 (base 13) to base 3.
-10
Convert 21 (base 5) to base 7.
14
What is 152 (base 8) in base 6?
254
What is 12 (base 4) in base 9?
6
-10 (base 2) to base 16
-2
Convert 103 (base 9) to base 10.
84
Convert -20 (base 5) to base 10.
-10
Convert -10 (base 9) to base 8.
-11
103 (base 8) to base 5
232
33 (base 5) to base 8
22
-e (base 15) to base 8
-16
300 (base 4) to base 2
110000
Convert -11110 (base 2) to base 7.
-42
Convert 24 (base 9) to base 15.
17
What is 1040 (base 5) in base 13?
b2
2 (base 10) to base 15
2
-92 (base 13) to base 16
-77
Convert -3 (base 15) to base 9.
-3
Convert -1313 (base 5) to base 12.
-154
10 (base 4) to base 5
4
-1 (base 5) to base 8
-1
-a (base 11) to base 16
-a
Convert -1 (base 6) to base 10.
-1
What is 31 (base 9) in base 8?
34
23 (base 4) to base 2
1011
-10000 (base 2) to base 5
-31
Convert -2 (base 8) to base 6.
-2
What is 16 (base 10) in base 8?
20
What is 40 (base 9) in base 6?
100
Convert 2 (base 11) to base 13.
2
-19 (base 12) to base 14
-17
What is -3 (base 11) in base 7?
-3
6 (base 12) to base 2
110
-27 (base 10) to base 13
-21
What is -1 (base 4) in base 10?
-1
What is 20 (base 3) in base 5?
11
What is -49 (base 15) in base 5?
-234
1340 (base 5) to base 4
3130
What is -25 (base 6) in base 12?
-15
What is -31 (base 14) in base 3?
-1121
Convert -175 (base 8) to base 13.
-98
-76 (base 10) to base 15
-51
111 (base 13) to base 2
10110111
Convert 10 (base 2) to base 14.
2
Convert 1 (base 3) to base 5.
1
What is -302 (base 4) in base 8?
-62
-186 (base 11) to base 2
-11010111
-5 (base 16) to base 5
-10
Convert 10111 (base 2) to base 10.
23
Convert 7 (base 9) to base 10.
7
Convert -1 (base 8) to base 4.
-1
Convert 11000 (base 2) to base 12.
20
What is 124 (base 5) in base 14?
2b
-3 (base 5) to base 12
-3
24 (base 9) to base 15
17
What is 6 (base 8) in base 15?
6
11 (base 2) to base 7
3
What is -8b (base 15) in base 11?
-10a
What is -4 (base 16) in base 2?
-100
-2120 (base 4) to base 15
-a2
Convert 0 (base 16) to base 13.
0
What is -10 (base 4) in base 15?
-4
-1 (base 11) to base 2
-1
-11 (base 13) to base 2
-1110
Convert -23 (base 5) to base 15.
-d
Convert 2b (base 16) to base 2.
101011
-197 (base 10) to base 15
-d2
11010 (base 2) to base 15
1b
What is 2 (base 7) in base 6?
2
What is -202 (base 13) in base 7?
-664
-1010 (base 3) to base 5
-110
-26 (base 8) to base 7
-31
What is 0 (base 13) in base 15?
0
-3 (base 15) to base 2
-11
Convert 3 (base 5) to base 12.
3
-1 (base 14) to base 11
-1
-11 (base 3) to base 9
-4
-12 (base 13) to base 3
-120
What is -1111 (base 2) in base 3?
-120
What is -3 (base 5) in base 13?
-3
What is 30 (base 11) in base 2?
100001
1 (base 13) to base 8
1
What is -2 (base 9) in base 4?
-2
What is -10110 (base 2) in base 12?
-1a
1 (base 12) to base 8
1
Convert 51 (base 12) to base 13.
49
Convert e (base 15) to base 9.
15
3 (base 6) to base 12
3
Convert -3 (base 9) to base 3.
-10
Convert 5 (base 6) to base 4.
11
Convert 63 (base 12) to base 3.
2210
What is 34 (base 16) in base 13?
40
Convert 101 (base 3) to base 6.
14
Convert 26 (base 9) to base 8.
30
322 (base 5) to base 15
5c
Convert -242 (base 9) to base 13.
-125
Convert 13 (base 5) to base 8.
10
What is 0 (base 5) in base 13?
0
What is 1 (base 7) in base 13?
1
Convert -42 (base 8) to base 15.
-24
What is -161 (base 9) in base 5?
-1021
a (base 13) to base 12
a
Convert -18 (base 13) to base 2.
-10101
1 (base 8) to base 16
1
What is -10 (base 7) in base 2?
-111
What is -16 (base 8) in base 3?
-112
20 (base 13) to base 8
32
What is -313 (base 4) in base 14?
-3d
Convert -23 (base 8) to base 4.
-103
What is -74 (base 13) in base 9?
-115
Convert -3 (base 4) to base 5.
-3
2 (base 7) to base 14
2
Convert e (base 16) to base 14.
10
What is -10 (base 13) in base 12?
-11
What is 140 (base 5) in base 12?
39
Convert 36 (base 10) to base 7.
51
-1 (base 2) to base 16
-1
What is 1110 (base 5) in base 14?
b1
3a (base 14) to base 11
48
What is -3a (base 12) in base 13?
-37
What is -1000 (base 2) in base 14?
-8
What is -29 (base 14) in base 9?
-41
Convert e (base 16) to base 8.
16
Convert -18 (base 10) to base 2.
-10010
3 (base 10) to base 14
3
What is 21 (base 16) in base 14?
25
What is -1 (base 6) in base 3?
-1
What is -2 (base 12) in base 8?
-2
152 (base 7) to base 3
10012
-14 (base 6) to base 15
-a
55 (base 14) to base 7
135
What is -2 (base 12) in base 16?
-2
3 (base 13) to base 12
3
Convert 1433 (base 5) to base 4.
3303
Convert -5 (base 12) to base 14.
-5
What is 0 (base 3) in base 14?
0
What is 2134 (base 5) in base 3?
101220
21 (base 8) to base 4
101
What is -146 (base 11) in base 6?
-443
Convert 20 (base 13) to base 15.
1b
Convert 15 (base 13) to base 7.
24
Convert -4 (base 7) to base 11.
-4
Convert 0 (base 9) to base 2.
0
Convert 0 (base 16) to base 2.
0
Convert 1111100 (base 2) to base 7.
235
11 (base 16) to base 9
18
-4b (base 12) to base 13
-47
What is 3 (base 4) in base 14?
3
Convert -111 (base 3) to base 6.
-21
What is -110 (base 4) in base 7?
-26
What is 47 (base 8) in base 2?
100111
Convert 3 (base 16) to base 6.
3
Convert -313 (base 8) to base 10.
-203
What is -101 (base 4) in base 12?
-15
-230 (base 7) to base 5
-434
What is -1 (base 5) in base 6?
-1
Convert -6 (base 12) to base 5.
-11
What is 124 (base 16) in base 12?
204
Convert -51 (base 12) to base 15.
-41
Convert -5 (base 16) to base 14.
-5
What is -12 (base 4) in base 16?
-6
-23 (base 4) to base 9
-12
Convert 4 (base 16) to base 13.
4
-33 (base 15) to base 13
-39
Convert -1 (base 6) to base 12.
-1
Convert -47 (base 9) to base 15.
-2d
9e (base 16) to base 3
12212
What is -11 (base 10) in base 15?
-b
What is -1010 (base 3) in base 13?
-24
What is -177 (base 8) in base 2?
-1111111
Convert -10 (base 2) to base 4.
-2
What is -10101 (base 2) in base 12?
-19
-2 (base 6) to base 10
-2
3 (base 13) to base 2
11
What is 1 (base 8) in base 5?
1
What is 5 (base 7) in base 4?
11
2101 (base 3) to base 15
44
What is -1 (base 3) in base 5?
-1
Convert -31 (base 4) to base 13.
-10
What is 112 (base 4) in base 6?
34
Convert -1 (base 10) to base 9.
-1
6 (base 10) to base 7
6
2 (base 15) to base 7
2
What is -122 (base 3) in base 8?
-21
-68 (base 13) to base 9
-105
What is -7 (base 11) in base 8?
-7
100010 (base 2) to base 14
26
-222 (base 4) to base 11
-39
What is 3 (base 15) in base 12?
3
Convert -101 (base 2) to base 12.
-5
-1 (base 15) to base 14
-1
What is -2 (base 8) in base 9?
-2
Convert -10 (base 5) to base 11.
-5
Convert 6 (base 14) to base 13.
6
What is -2021 (base 3) in base 5?
-221
What is 15 (base 7) in base 9?
13
What is -11a (base 15) in base 14?
-13c
-1 (base 5) to base 10
-1
c (base 13) to base 7
15
13 (base 14) to base 10
17
Convert 15 (base 16) to base 12.
19
Convert 4 (base 10) to base 5.
4
Convert -2 (base 4) to base 6.
-2
2 (base 6) to base 4
2
What is -19 (base 13) in base 12?
-1a
What is 4 (base 10) in base 12?
4
-110 (base 4) to base 5
-40
142 (base 5) to base 11
43
-101 (base 2) to base 3
-12
What is 168 (base 11) in base 14?
dd
Convert -5 (base 15) to base 10.
-5
-304 (base 7) to base 10
-151
136 (base 7) to base 14
56
-1 (base 9) to base 16
-1
What is 2 (base 13) in base 8?
2
What is -1 (base 3) in base 8?
-1
13 (base 9) to base 4
30
What is 1012 (base 3) in base 7?
44
Convert -2 (base 3) to base 2.
-10
Convert -32 (base 4) to base 9.
-15
5 (base 15) to base 8
5
Convert -3 (base 5) to base 11.
-3
Convert -5 (base 11) to base 7.
-5
Convert -114 (base 9) to base 12.
-7a
-2 (base 3) to base 11
-2
What is -10 (base 4) in base 9?
-4
What is 3 (base 11) in base 12?
3
a (base 14) to base 3
101
What is 2 (base 7) in base 13?
2
Convert 412 (base 6) to base 4.
2120
43 (base 13) to base 8
67
What is 156 (base 8) in base 9?
132
What is 134 (base 7) in base 6?
202
Co